).
58
Let s(a) = -6*a**3 + a**2 - 7*a + 7. Give s(1).
-5
Let n(c) = c**3 + 3*c**2 - 12*c + 49. What is n(7)?
455
Let i(n) = 11*n**2 - 160*n - 22. Determine i(15).
53
Let p(u) = u**3 - 14*u**2 + 12*u + 3. What is p(9)?
-294
Let h(x) = -31*x - 2479. Calculate h(-87).
218
Let h(g) = -4*g**3 - 31*g**2 + 9*g + 38. Give h(-8).
30
Let u(c) = c**3 + 18*c**2 + 24*c + 14. What is u(-15)?
329
Let x(y) = -334*y - 4462. Give x(-13).
-120
Let u(o) = 138*o - 271. Calculate u(2).
5
Let x(k) = -204*k**2 - 99*k - 96. Calculate x(-1).
-201
Let u(i) = i**3 - 64*i**2 + 121*i + 269. What is u(62)?
83
Let k(s) = -s**3 - 8*s**2 - 13*s - 25. Calculate k(-5).
-35
Let d(l) = 145*l + 144. Determine d(3).
579
Let a(y) = y**3 - 31*y**2 + 59*y + 39. Give a(29).
68
Let h(z) = -11*z**2 + 10*z + 13. Give h(-2).
-51
Let j(p) = 113*p + 1007. Calculate j(-10).
-123
Let m(t) = 2*t**3 + 12*t**2 + 6*t + 69. What is m(-8)?
-235
Let u(h) = -13*h**2 + 52*h - 150. Give u(3).
-111
Let b(s) = 14*s + 42. Calculate b(5).
112
Let w(h) = -199*h - 1600. Determine w(-8).
-8
Let z(g) = -g**3 + 19*g**2 + 55*g - 6. What is z(-3)?
27
Let f(s) = -45*s - 728. What is f(-16)?
-8
Let n(f) = 612*f - 15907. What is n(26)?
5
Let f(o) = -4*o**3 + 7*o**2 + 42*o + 99. Give f(-3).
144
Let v(d) = -9224*d - 64566. Calculate v(-7).
2
Let y(x) = x**3 + 8*x**2 - 114*x - 907. Calculate y(-8).
5
Let w(q) = 2*q**3 + 11*q**2 - 15*q - 19. What is w(-6)?
35
Let v(q) = 34*q - 745. Determine v(22).
3
Let u(c) = c**2 + c - 207. What is u(9)?
-117
Let a(l) = -l**2 + 24*l + 20592. What is a(-132)?
0
Let z(a) = -119*a**2 - 10710*a + 4. Give z(-90).
4
Let n(u) = -u**3 - 10*u**2 - 21*u - 79. Determine n(-7).
-79
Let v(s) = s**2 + 37*s - 57. Determine v(-19).
-399
Let f(o) = o**3 + 93*o**2 + 93*o + 88. What is f(-92)?
-4
Let z(i) = 49*i + 234. What is z(-4)?
38
Let d(r) = -r**2 - 22*r + 47. Give d(2).
-1
Let u(d) = 34*d + 182. Give u(-7).
-56
Let o(a) = 2*a**3 - 44*a**2 + 4*a - 94. Give o(22).
-6
Let n(c) = -c**3 + 25*c**2 - 178*c + 222. Calculate n(12).
-42
Let z(s) = -11*s**3 - 48*s**2 - 47*s + 1. What is z(-1)?
11
Let r(w) = w**3 - 4*w**2 - 34*w + 104. Determine r(7).
13
Let w(z) = z**2 + 83*z + 1033. Give w(-15).
13
Let p(x) = 2*x**3 + 143*x**2 - 231*x - 126. Calculate p(-73).
750
Let d(l) = 116*l**3 + 9*l**2 + 27*l - 1. What is d(-2)?
-947
Let y(r) = r**3 + 9*r**2 + 19*r - 48. Calculate y(-11).
-499
Let h(a) = 4*a**3 + 111*a**2 - 30*a + 21. Determine h(-28).
77
Let y(f) = 19*f**3 - 3*f**2 - 45*f + 48. Give y(1).
19
Let m(l) = -4151*l + 3. What is m(0)?
3
Let u(l) = -l**2 - 5*l + 13. Determine u(-5).
13
Let r(z) = 12*z - 97. Give r(0).
-97
Let q(m) = 2*m**2 + 66*m + 35. Give q(-30).
-145
Let s(y) = 5*y**2 + 7*y - 7. Calculate s(-6).
131
Let z(p) = 7*p + 84. Calculate z(14).
182
Let c(j) = -18*j + 531. What is c(29)?
9
Let t(i) = 3*i**3 - 12*i**2 + 7*i - 47. What is t(5)?
63
Let u(h) = h**3 + 5*h**2 - h - 357. Give u(0).
-357
Let c(r) = 9*r**3 + 9*r**2 + 13*r - 8. Determine c(-2).
-70
Let v(c) = -7*c**3 + 4*c**2 + 5*c - 13. Calculate v(5).
-763
Let r(f) = f**3 + 19*f**2 + 53*f + 30. Calculate r(-13).
355
Let w(b) = 66*b + 20131. Determine w(-305).
1
Let n(q) = -47*q + 601. Give n(13).
-10
Let w(q) = -2*q**2 + 278*q + 14305. Determine w(-40).
-15
Let a(y) = 15*y**3 + 2008*y**2 - 270*y - 310. Determine a(-134).
-42
Let n(i) = i**2 + 18*i - 58. Calculate n(-13).
-123
Let i(m) = 403*m + 16600. Give i(-41).
77
Let j(f) = -311*f**2 - 20836*f + 60. Determine j(-67).
-7
Let l(t) = -50*t - 1852. What is l(-37)?
-2
Let p(j) = 7*j**2 + 253*j - 1540. Calculate p(6).
230
Let z(d) = -d**3 - 61*d**2 - 68*d - 545. Give z(-60).
-65
Let s(v) = -v**3 - 42*v**2 - 87*v - 279. Give s(-40).
1
Let i(z) = -z**3 + 15*z**2 + 40*z - 127. Calculate i(17).
-25
Let d(y) = 5*y - 34. Determine d(-4).
-54
Let w(v) = 10*v**3 + 6*v**2 + 10*v + 14. Calculate w(-2).
-62
Let b(j) = 19*j + 425. What is b(-23)?
-12
Let k(p) = 13*p - 253. Calculate k(0).
-253
Let l(o) = -2*o**3 - 112*o**2 - 325*o - 378. Determine l(-53).
-7
Let h(m) = -m**3 + 19*m**2 + 64*m - 457. What is h(21)?
5
Let g(k) = 2*k**2 - 17*k - 146. What is g(9)?
-137
Let q(c) = 7*c**2 + 129*c - 97. Determine q(-19).
-21
Let i(j) = 290*j + 34. What is i(-1)?
-256
Let t(z) = 37*z - 242. Calculate t(4).
-94
Let s(f) = 25*f**3 + 2*f**2 - 15*f + 25. Calculate s(3).
673
Let u(p) = 2*p**2 - 176*p - 4069. Calculate u(107).
-3
Let g(y) = 4*y + 27. Calculate g(-11).
-17
Let r(y) = -384*y + 1148. Calculate r(3).
-4
Let l(c) = -199*c + 1255. Determine l(6).
61
Let o(i) = -4*i**3 + 3*i**2 - 8*i - 6. What is o(3)?
-111
Let f(a) = -a**3 - 31*a**2 - 250*a - 331. What is f(-11)?
-1
Let x(l) = 335*l + 340. Determine x(-1).
5
Let g(x) = 72*x + 542. Give g(-8).
-34
Let q(s) = -2*s**2 + 97*s - 1052. Give q(16).
-12
Let x(v) = -107*v + 11432. Determine x(107).
-17
Let q(t) = 43*t + 2253. Give q(-56).
-155
Let z(i) = -i**2 - 35*i - 306. What is z(-18)?
0
Let v(l) = l**3 - l**2 + 2*l + 106. Determine v(0).
106
Let a(t) = 69*t + 2268. Give a(-33).
-9
Let c(z) = 8*z - 108. Give c(39).
204
Let d(t) = -298*t - 2380. What is d(-8)?
4
Let v(c) = -4*c**3 - 2*c**2 + 4*c - 7. What is v(2)?
-39
Let p(c) = c**3 + 12*c**2 + 6*c - 45. What is p(-11)?
10
Let j(u) = -3*u - 801. Calculate j(13).
-840
Let z(i) = 12*i + 330. What is z(-27)?
6
Let s(k) = -4*k**2 + 160*k - 1498. Give s(25).
2
Let c(o) = 33*o**3 + 4*o**2 - 5*o + 2. Determine c(2).
272
Let g(f) = 21*f - 114. Give g(6).
12
Let b(j) = -j**3 + 36*j**2 + 5*j + 7. Give b(36).
187
Let d(m) = 117*m + 13659. What is d(-117)?
-30
Let j(s) = -2*s**3 + 42*s**2 + 50*s - 1802. Determine j(20).
-2
Let r(i) = -2*i**2 + 30*i - 37. Calculate r(14).
-9
Let b(g) = 6*g - 198. What is b(32)?
-6
Let t(k) = k**3 + 60*k**2 + 878*k + 375. Determine t(-24).
39
Let u(g) = 353*g**2 - 365*g - 1. Give u(1).
-13
Let u(b) = -b**2 + 1849*b - 20208. Give u(11).
10
Let t(h) = -2*h**2 - 32*h + 399. Determine t(-24).
15
Let c(j) = -j**3 + 3*j**2 + 17*j - 6. Calculate c(-3).
-3
Let u(f) = -8414*f + 16802. Determine u(2).
-26
Let x(j) = j**3 - 177*j**2 - 37*j + 6560. Calculate x(177).
11
Let x(m) = m**2 + 86*m + 1339. Give x(-63).
-110
Let r(q) = -22*q + 1795. What is r(81)?
13
Let o(v) = -51*v + 1424. What is o(28)?
-4
Let o(k) = 4*k**2 + 9*k + 17. What is o(5)?
162
Let v(d) = d**3 + 41*d**2 + 389*d - 11. Determine v(-15).
4
Let p(m) = 2910*m - 8729. What is p(3)?
1
Let b(z) = -2*z**3 - 28*z**2 + 4*z + 52. Determine b(-14).
-4
Let m(q) = 2*q**3 + 23*q**2 + 15*q - 18. Calculate m(-10).
132
Let x(w) = w**3 - w**2 - 23*w + 92. Calculate x(3).
41
Let c(m) = -m**3 + 15*m**2 + 10*m - 331. Determine c(14).
5
Let t(f) = 1092*f - 5472. Determine t(5).
-12
Let x(g) = 3*g - 145. Give x(-28).
-229
Let v(h) = 15*h - 527. Determine v(35).
-2
Let c(a) = 2*a**3 + 3*a**2 + 9*a - 12. What is c(1)?
2
Let y(r) = -r**2 - 212*r - 7639. Give y(-166).
-3
Let w(l) = -2*l**2 - 88*l - 222. Give w(-42).
-54
Let x(d) = d**3 + 5*d**2 - 29*d - 113. Determine x(-3).
-8
Let p(x) = -3*x**3 - 18*x**2 - 13*x - 35. Determine p(-6).
43
Let l(y) = 37*y + 1946. Calculate l(-55).
-89
Let i(f) = 12*f**2 + 45*f + 12. Determine i(-4).
24
Let x(r) = -394*r**2 + 1180*r + 34. Give x(3).
28
Let l(q) = -2*q**2 - 100*q + 678. Determine l(6).
6
Let j(o) = o**2 - 133*o - 1225. Calculate j(143).
205
Let k(y) = -2*y**3 - 133*y**2 + 69*y + 97. Determine k(-67).
-37
Let f(b) = 3*b**3 - 212*b**2 + 138*b + 53. What is f(70)?
-87
Let u(m) = m**3 - 13*m**2 - 4*m + 40. Calculate u(13).
-12
Let p(u) = -u**2 - 54*u - 580. What is p(-40)?
-20
Let a(o) = 40*o + 395. What is a(-9)?
35
Let s(w) = -w**3 + 29*w**2 - 19*w - 117. Determine s(28).
135
Let r(i) = -5*i**3 - 210*i**2 + i + 121. Give r(-42).
79
Let h(q) = 8*q**2 + 303*q + 1886. Give h(-30).
-4
Let a(x) = 4*x**2 + 8*x - 24. Give a(-9).
228
Let f(i) = -4*i**2 + 206*i + 868. What is f(-4)?
-20
Let h(r) = -3*r**3 - 3*r**2 - 321*r - 624. Determine h(-2).
30
Let u(r) = -r**3 - 19*r**2 - 44*r - 149. Calculate u(-17).
21
Let z(t) = -t**3 - 3*t**2 + 27*t + 103. Determine z(-5).
18
Let h(m) = 4*m + 54. Calculate h(-7).
26
Let o(r) = -r**3 - 15*r**2 - 32*r + 42. Give o(-8).
-150
Let j(r) = -680*r - 5416. Determine j(-8).
24
Let y(p) = 12*p + 25. Give y(-5).
-35
Let g(w) = 15*w + 2089. What is g(-139)?
4
Let u(l) = l**2 + 8*l - 165. 